 v?
2, 479
Let y = 2 + 21. Suppose 5*p = 33 - y. What are the prime factors of 1635/12 - p - (-7)/(-28)?
2, 67
Suppose 47 = 16*u - 17. Suppose r - u*h = -r + 520, -r + 256 = -4*h. What are the prime factors of r?
2, 3, 11
Suppose -d - d = -3*a + 19, -d = -5*a + 27. Let t(r) = r**2 - 4. Let z be t(d). Suppose -5*x = -z*x - 465. List the prime factors of x.
3, 31
Let k = 4760 + 3111. List the prime factors of k.
17, 463
Suppose 5*j - 119 = 4*f - 14, -4*f - 88 = -4*j. Let d be -4 + 2 + j*1. Let i = 8 + d. List the prime factors of i.
23
Let s = -21591 + 32226. List the prime factors of s.
3, 5, 709
Suppose 4*z + 2*p = -0*z + 140, 0 = -z - 4*p + 21. What are the prime factors of (-1 - (-190)/15)*(z - 1)?
2, 3, 5, 7
Let z(m) = 28*m**2 + 37*m + 311. What are the prime factors of z(-12)?
7, 557
Let x = 1487 + -1467. Let m(u) = -u**2 + 6*u. Let g(o) = -o**2 + 6*o + 1. Let c(n) = 2*g(n) - 3*m(n). What are the prime factors of c(x)?
2, 3, 47
List the prime factors of (-6)/(14*(-4126)/144260 + 28/70).
2, 7213
Suppose 5*q = -4*z + 57, -2*q + 5*z + 5 = 2. Suppose 6*y - 6 = q*y. What are the prime factors of 223/(-5)*-1 + y/(-5)?
3, 5
What are the prime factors of -54*15858/(-144) - (-1)/4?
19, 313
Suppose -7399 = 6*r - 53623. Suppose r = 4*q + 976. List the prime factors of q.
2, 29
Suppose -4*w = -7*w + 105. Suppose -3*f + w - 6 = 2*z, 3*z - 4*f - 18 = 0. Let x(g) = -g**2 + 12*g - 12. List the prime factors of x(z).
2
Let i(f) be the second derivative of -2*f**5/5 + 348*f. Let w = 6 + -8. List the prime factors of i(w).
2
Let b(h) = 2*h - 32. Let r be b(17). Suppose 0 = -r*s + 4*j - 14, 3*s + j + 13 = -15. Let q(d) = d**3 + 8*d**2 - 16*d - 5. What are the prime factors of q(s)?
2, 29
Let b(p) = 4*p**2 - 147 - 5*p + 0*p**2 + 177. What are the prime factors of b(8)?
2, 3, 41
Let b(t) = -t**3 - 3*t**2 - t + 7. Let f be b(-3). Let q be f/(-65) - (-15)/13 - 301. List the prime factors of (q/105)/((-4)/70).
2, 5
Let m(f) = -5*f**3 + 7*f**2 - 41*f - 483. What are the prime factors of m(-13)?
2, 41, 149
Let b = -150 - -139. Let i(q) = -16*q - 13. List the prime factors of i(b).
163
Let r(d) = -15*d**3 + 24*d**2 - 18*d - 13. What are the prime factors of r(-6)?
13, 17, 19
Suppose t + 14 + 7 = -4*c, -5*t - c = 48. Let s(o) = -o**3 - 5*o**2 + 4*o + 10. List the prime factors of s(t).
2, 149
Suppose -3*a = -4*l - 14, 2*l + 10 = 2*a - 0. What are the prime factors of (4/a)/(7 - (-90097)/(-12873))?
613
Let k(d) = 6*d**3 + 8*d**2 - 2*d - 7. Let b be k(-6). Let p = 1819 + b. Suppose -p = -3*v - 5*v. What are the prime factors of v?
2, 3, 17
Let s = 8365 + -3015. List the prime factors of s.
2, 5, 107
Suppose -115572 = -15*q - 14232 + 4995. List the prime factors of q.
3, 17, 139
Suppose -5*o - z = z + 179, -2*o - z = 71. Suppose 0 = 4*u - 184 - 48. Let r = o + u. List the prime factors of r.
3, 7
What are the prime factors of 47*((-10536)/(-42) - (-4)/28)?
47, 251
What are the prime factors of 47/(19035/30) - (-1611248)/54?
2, 3, 4973
What are the prime factors of (21912/(-913))/(1/(-1788)*1)?
2, 3, 149
Let n(v) = 4*v**2 - 3*v + 10. Let m(a) = -5*a**2 + 2*a - 10. Let t(k) = 5*m(k) + 6*n(k). Let g be t(-8). What are the prime factors of 355/g - 2/(-4)?
2, 3
List the prime factors of (132/60 - 18/15)*3385.
5, 677
Suppose 91*t - 81*t = 634060. What are the prime factors of t?
2, 7, 647
Let z(n) = 448*n + 131. What are the prime factors of z(9)?
23, 181
Suppose 18*a - 2*w + 0*w - 139548 = 0, 5*w - 7768 = -a. List the prime factors of a.
7753
Suppose 37 + 67 = 13*g. Suppose 6*p + g*p = 10626. List the prime factors of p.
3, 11, 23
Let w(m) = m + 2. Let x be w(-6). Let u be (-2)/x*-26 + 0 + -2. Let s(k) = -4*k - 33. What are the prime factors of s(u)?
3
Let g(s) = 27*s**2 - 4*s - 2. Let j be g(4). Suppose -3*l = -2*b - j, 0 = -0*b + 2*b. Let h = l - 53. List the prime factors of h.
5, 17
Let q(s) = 46*s**3 + 3*s**2 + 2. Let f be q(3). Suppose -7*d + 1837 = -f. What are the prime factors of d?
2, 3, 37
Let j(i) = 659*i + 698. What are the prime factors of j(9)?
7, 947
Suppose -4*h + 23560 = 5*v, 5*h + 4*v = -0*h + 29450. What are the prime factors of h?
2, 5, 19, 31
Suppose 78 - 60 = -3*c. List the prime factors of -77*(-13 - ((-30)/c)/5).
2, 7, 11
Let u be -1 - (10/(-4))/(10/20). Suppose 0 = -4*v - 5*o + 2399, -2*v - 1199 = -u*v - 3*o. What are the prime factors of v?
601
Let w be 5*8/(-60)*-108. List the prime factors of ((-358400)/w)/(-4) - (-8)/(-18).
2, 311
Let z(s) = 153*s**2 + 6*s + 9. Let b be 16/56 + (-27)/21. What are the prime factors of z(b)?
2, 3, 13
Suppose 37*i = 3*i + 331500. List the prime factors of i.
2, 3, 5, 13
Let w be 4/(-24) - 82/12. Let o = w - -6. List the prime factors of o + (-1 + 29 - 4).
23
Let t(j) = -4*j - 14. Let i(y) = -y**3 + 9*y**2 + 12*y - 11. Let g be i(10). Let q = g - 27. What are the prime factors of t(q)?
2, 29
Suppose 2*z - o = 10 + 3, 5*o = -z - 10. Suppose 2*k + 3*k = z*l + 10, 5*l + 13 = 4*k. What are the prime factors of -16*(l + 7 - 12)?
2, 5
Let u(v) = 21*v - 567. Let k be u(26). Suppose 4*h + 425 = -5*c, -c = -0*c - 5*h + 85. Let q = k - c. List the prime factors of q.
2
Suppose 0 = -5*d - 15, -2*s + 54010 = 5*s + 3*d. What are the prime factors of s?
7717
Let f = 601 + -325. Suppose -492 = -4*h + f. List the prime factors of h.
2, 3
Let a(x) = -7*x - 12. Let t be a(-3). Let c be t/(-3) + 4 + 1. Suppose 0*k = 2*q + 2*k - 130, 0 = -2*k + c. What are the prime factors of q?
2
Let f(c) = -c**3 - 3*c**2 + 9*c - 20. Let z be f(-12). Suppose 0 = -5*j - 4*i + 2913, 2*j + 2*i = -i + z. What are the prime factors of j?
7, 83
Suppose -t = 3*t - 12. Let o be 32*(t - 12/8). Let m = o - -25. What are the prime factors of m?
73
Suppose 2*z = -5*t - 3*z + 55, t + 4*z - 23 = 0. Suppose g = q + 6*g + 6, t = -3*q - 4*g. List the prime factors of 13*13 - (-1 - q/1).
13
Suppose 28*y - 24*y = 364. Suppose 0 = -5*u + 4*a - 72, -5*u - a = -9 + y. Let p(h) = -h**3 - 16*h**2 - 3*h + 10. What are the prime factors of p(u)?
2, 29
Suppose -4 = -h - 1. Suppose -1448 = -4*n - 4*y, 8*n - h*n - y - 1810 = 0. What are the prime factors of n?
2, 181
Suppose 0 = -2*v + 9*v. Suppose 4*h - 874 = -s + 105, v = h - s - 246. List the prime factors of h.
5, 7
Suppose 0 = -5*f + 4*c + 43370, -2*f = -4*f - c + 17361. List the prime factors of f.
2, 4339
Suppose 350*i + 67736 = 2*z + 354*i, -4*z + 4*i = -135436. What are the prime factors of z?
2, 16931
List the prime factors of 11475915/231 - ((111/21 - 4) + -1).
7, 47, 151
Suppose p - q = -1063, -p + 4*p + 3165 = -3*q. Let k = -541 - p. What are the prime factors of k?
2, 7, 37
Let d(j) = j**2 + 33*j + 2. Let a be d(-33). What are the prime factors of (3 + (2 - a))/((-3)/(-452))?
2, 113
Suppose -h - 21572 + 99491 = 4*y, -2*y + h = -38949. What are the prime factors of y?
2, 9739
Suppose 5*v - 21*v + 4224 = 0. Suppose -80*q = -79*q - v. List the prime factors of q.
2, 3, 11
Let j = 21588 - 6746. What are the prime factors of j?
2, 41, 181
Let m(a) = -14*a + 74. Let c be m(6). What are the prime factors of 4/c*(-4)/(32/10060)?
503
Let h(f) be the second derivative of -f**4/12 + f**3/6 + 315*f**2/2 + 10*f. Let a be h(0). Suppose 4*o - 7*o = -a. List the prime factors of o.
3, 5, 7
Let m(j) = 29133*j**2 + 20*j - 1. What are the prime factors of m(-1)?
2, 3, 1213
List the prime factors of 4681 + 27/((-162)/24).
3, 1559
Let o = -27 + 18. Let f(b) = 2*b + 18. Let z be f(o). Suppose a - 3 = z, 0 = -3*m - 4*a + 3*a + 294. List the prime factors of m.
97
What are the prime factors of -6521*(4/6)/(56/(-84))?
6521
Let d = 36620 - 23908. What are the prime factors of d?
2, 7, 227
Let h = -166 + 231. List the prime factors of (-1348)/(-6)*(68 - h).
2, 337
Let w be 1032/52 + (-6)/(-39). Let o(q) = 119*q + w + 22 - 46. List the prime factors of o(2).
2, 3, 13
Let s(b) be the third derivative of b**5/4 - b**4/8 - 4*b**3 + 48*b**2. Let o be s(7). Suppose -6*i + 0*i = -o. List the prime factors of i.
5, 23
Let k be 105*-6*5/(-30). List the prime factors of (-9 + k/14)/((-6)/1376).
2, 43
Let f(d) be the first derivative of d**4 - 4*d**3/3 - 5*d**2/2 - d - 3. What are the prime factors of f(4)?
3, 19
Let h = -2817 - -8610. What are the prime factors of h?
3, 1931
Suppose 511*w - 433770 = 397*w. List the prime factors of w.
5, 761
Let n